2*z(b). Is t(8) a prime number?
False
Suppose 5*r - 4*v - 38 = 0, -2*r - 5*v = -r + 4. Let j(n) = 3*n + 8. Is j(r) prime?
False
Suppose 5*m = 2*b - 2898, 0*m + 2*m - 3*b = -1168. Is (m/4)/((-6)/12) prime?
False
Let d = 489 + 25. Is d + (-5 - (1 + -3)) prime?
False
Let k(x) = 116*x**2 + 31*x + 1. Is k(-8) a prime number?
True
Let n be (-1)/(-4 - (-1 + -2)). Let d(l) = 110*l**3 + l**2 - l + 1. Is d(n) a composite number?
True
Suppose -4*g - 5 = -29. Let u be 2 + 0 - (1 + -3). Suppose -5*y - 1 - g = o, -u*o - 5*y = -2. Is o composite?
False
Let q(a) = -2*a**3 + 4*a**2 - 12*a + 19. Is q(-12) a composite number?
True
Let d = -4 - -3. Let b(j) = 5*j**3 - j - 1. Let f be b(d). Let p = 62 + f. Is p a composite number?
True
Let q(o) = -o**2 + 33*o - 33. Is q(15) a composite number?
True
Is 1/(-1)*1 + 636 composite?
True
Suppose 4*c + 2*o = c + 9, -4*c = 4*o - 12. Let z be 2 + (1 + c)*-23. Is (z/12)/((-2)/4) composite?
True
Suppose -5*c + 2481 = -2*l, 2*c + 3*l + 1494 = 5*c. Let j = 824 - c. Is j prime?
False
Let p = -8 + 13. Suppose 69 = 6*x - p*x. Is x composite?
True
Let h(l) = -4*l + 1 - 4*l - 2. Let s be h(-2). Is (-7)/(-3)*(s - 0) composite?
True
Let h = -121 + 213. Let z(v) = 20*v + 9. Let k be z(-6). Let f = h - k. Is f a composite number?
True
Suppose -20*l + 1555 = -565. Is l a prime number?
False
Let s(x) be the second derivative of -x**3/6 + 4*x**2 + 3*x. Let a be s(6). Is 23/(-2 + 6/a) composite?
False
Let q = 1933 + 1104. Is q a prime number?
True
Suppose -6 = -2*f, 2*o - 4*f - 6 = -18. Suppose 3*n + o*n - 951 = 0. Is n a composite number?
False
Let c = 4 - -2. Let l = 8 - c. Is 2904/20 - l/10 a prime number?
False
Suppose -24 = -5*q - 9. Let c(a) = 8*a + 3 + 7*a + 1. Is c(q) a prime number?
False
Let s be 1*3*60/(-18). Is 16/(-40) - 224/s prime?
False
Let v = 31 - -48. Is v composite?
False
Suppose -5*i + 2495 = -0*i. Is i a prime number?
True
Is 4/8*212/2 prime?
True
Let c = -1246 + 2343. Is c a composite number?
False
Suppose -5*l + 4*q - 59 - 195 = 0, -5*q = 5*l + 245. Let v = l - -85. Is v a composite number?
True
Suppose 5*p = 4*p - 4, -215 = -3*t + 2*p. Is t a prime number?
False
Suppose 0 = 3*m - 12, i + 0*i + 2*m - 9 = 0. Let g be -2 + 6/2 - i. Is 133/7*(1 - g) a composite number?
False
Let p = 3 + 2. Suppose p*r = 41 + 124. Is r composite?
True
Let c = 16 + -7. Suppose -3*v + 0*v = c. Let l(p) = 24*p**2 - p - 2. Is l(v) a prime number?
False
Let q(h) = h**3 + 4*h**2 - h + 5. Let u be q(-4). Let g = u - 4. Suppose -s = 2*s + 3*m - 174, -g*m = -4*s + 187. Is s composite?
False
Is -3 + 261 + (3 - 2) a prime number?
False
Suppose -4*m = -2*m - 4. Let r = 22 + 29. Suppose -5*c - 2*g = -51, -4*c - m*g - 3*g + r = 0. Is c a composite number?
True
Let z = 2733 + 404. Is z prime?
True
Suppose -17 + 1 = -2*v. Suppose -3*o + 3*p - v = 1, o + p = 7. Suppose 59 + 11 = o*f. Is f prime?
False
Suppose 2*i = 4*z - 4, -4*z - 4 = -4*i - 0*i. Suppose -i*h = h - 335. Is h a composite number?
False
Let m(p) be the first derivative of 5*p**2/2 + p - 2. Suppose 6 = 2*c + 2*s, -s = c - 5*c + 2. Is m(c) a prime number?
False
Let o(k) = 14*k**3 + k**2 + 9*k - 13. Is o(2) composite?
True
Suppose -3*m + 25 = -5*j - 28, 7 = m + j. Let w = m - 6. Suppose -4*d - 61 = -w*k - 158, 4*d - 3*k - 95 = 0. Is d a prime number?
True
Let g(f) = f**2 + 4*f - 3. Let r be g(-6). Is 57/r + (-4)/(-6) a composite number?
False
Let x = 3 - 18. Is 194/10 + 6/x prime?
True
Let l(h) = -h**3 + 5*h**2 + 4*h + 3. Suppose -69 = 4*i - 25. Let b = -7 - i. Is l(b) composite?
True
Let s = -195 + 349. Let g = -43 - 52. Let l = s + g. Is l composite?
False
Let k(g) = -8*g**3 - g**2 - 3*g - 2. Let r be k(-2). Suppose -2*q + r = -42. Is q a prime number?
True
Suppose -2*i + 6295 = 3*i. Is i a prime number?
True
Suppose -2*x + 222 = 3*x + 2*q, -3*x = q - 134. Is x a prime number?
False
Suppose 4*m - 142 = 350. Is m prime?
False
Is -1 - 3217/(-6) - (-2)/(-12) a prime number?
False
Let w(n) = 2*n**2 - 2*n - 2. Let y = -11 + 31. Suppose -3*s = 2*s - y. Is w(s) a composite number?
True
Let r = -28 + 127. Let z = 39 + -73. Let x = r + z. Is x a prime number?
False
Let x be (1 - 3)*-1*3. Suppose 259 = 7*j - x*j. Is j composite?
True
Let b = -32 - -12. Let k = 42 + b. Is k a composite number?
True
Suppose -4*c + 1 + 6 = -3*w, 3*w - 3*c = -3. Suppose -2 = w*z + 16. Is 6/2*(-158)/z prime?
True
Let c = 1642 - 269. Is c composite?
False
Let n be ((-3)/9)/(3/(-549)). Let p = n + -23. Suppose -j + p = -29. Is j prime?
True
Suppose 0*g + 2*g - 8 = 0. Suppose -g*f - 2*d + 356 = 0, -2*f + 5*d + 154 = -0*d. Is f a prime number?
False
Let h(c) = 719*c**2. Is h(-1) a composite number?
False
Let p = -9 - -91. Is p a prime number?
False
Suppose 0 = x + 4*x - 3155. Is x a prime number?
True
Suppose -2*b + 4038 = 4*b. Is b a prime number?
True
Suppose b + b = 8, -3*r = 3*b - 1269. Is r a composite number?
False
Suppose 2*z + 4*i = 104, -4*z + 260 = z - i. Suppose -3*c + z = c. Is c a composite number?
False
Let l = 2 + -2. Suppose -5*m - 5*a - 10 = l, 2*m - 5*m - 5*a = 2. Is (0 + 4)*(-31)/m a prime number?
True
Let d = 200 - 38. Is (-4)/18 - (-20610)/d a composite number?
False
Let h = -1 + 3. Suppose 2*k + 2*k - 151 = -c, -71 = -h*k + c. Is k composite?
False
Let n be (2 + 1 - 2) + -1. Let c be n/(-2) - (3 + -3). Suppose c*h = -5*h + 105. Is h prime?
False
Is 667 - (1 - (3 + -2 + 2)) prime?
False
Suppose -3*r = -0*a - 3*a + 15, 2*r - 2 = -2*a. Is 7/((-7)/(-174)) + a prime?
False
Is 4/(-22) - 191344/(-176) a composite number?
False
Suppose 807 = -0*h + 3*h. Is h composite?
False
Is (-2790)/(-14) + (-24)/84 a composite number?
False
Suppose -1916 = -25*x + 21*x. Is x a prime number?
True
Let r(q) = -1998*q - 11. Is r(-2) a composite number?
True
Let o(v) = -v**3 - 7*v**2 - 8*v + 3. Suppose 12 = 2*w - 4*w. Let r be o(w). Suppose r = 5*g, -4*i + 4*g = i - 8. Is i a prime number?
False
Let m(z) = -z**2 - 12*z - 1. Let p be 4/6 - 10/(-3). Suppose 44 = -4*k + p. Is m(k) a composite number?
False
Let d(m) = -m**2 - m + 12. Let p be d(9). Let g = p - -38. Let f = 127 + g. Is f a prime number?
False
Let p(o) = -o**2 + 8*o + 2. Suppose y = -4*y - 10. Let q be (-9)/y*(-4)/(-3). Is p(q) a prime number?
False
Let l(v) = -v - 15. Let n be l(-9). Let f(i) = i**2 + 8*i + 8. Let c be f(n). Let j(s) = s**2 - s + 2. Is j(c) a composite number?
True
Suppose 2725 = 2*n - 453. Is n prime?
False
Suppose 4*b - 1872 = -0*a - a, -4*b + 1864 = 3*a. Is b a composite number?
True
Let q be -10*((-6)/(-4))/1. Let c be (4/5)/(3/q). Is 2*(-2)/c + 24 prime?
False
Let t = 811 + -455. Suppose p + d = 6*d + 178, -2*p + 3*d = -t. Is p a prime number?
False
Suppose -3*h = 3*y, h + 0*h = -5*y - 16. Is (-10)/y - (-2)/4 prime?
True
Let p be 64 - (-1 - (-1 + 1)). Suppose -2*d - 4*u + 50 = 0, 4*u = 3*d - 0*u - p. Is d a composite number?
False
Suppose 5*i = 319 + 586. Let y = i - -110. Is y prime?
False
Suppose 13 = 2*c - 101. Is c a prime number?
False
Suppose -4*k = -3*z - 7, 4*k = -z - 12 - 17. Let x(s) be the second derivative of -s**4/12 - 2*s**3 - 4*s**2 + 4*s. Is x(z) prime?
True
Let r(p) = 1 - 3*p - 39*p - 2*p. Let c be r(-4). Suppose 4*n - n = c. Is n composite?
False
Suppose -21 + 1691 = 2*h. Is h composite?
True
Suppose 4*z + 2*m = 14, -z - 2*z + 3*m = -6. Suppose 6 = 2*l, -3*j - l = -z*l - 1863. Is j a prime number?
False
Let c(h) be the third derivative of 31*h**6/120 - h**5/60 + h**4/24 + 2*h**2. Suppose -9*t + 5*t = -4. Is c(t) composite?
False
Let o = 3997 + -2526. Is o composite?
False
Let q = 660 - -781. Is q composite?
True
Suppose u + 4*u = 0. Suppose -3*z + 2*z - 22 = 3*s, 3*s = u. Let r = z - -32. Is r prime?
False
Suppose 2*h - 5 = 3. Suppose 0 = -6*g + 10 + 8. Suppose -62 = -2*p + h*n, 0*p + g*p - 4*n = 97. Is p a prime number?
False
Suppose -2*u - 12 = -6*u. Suppose -u*x = 3*n + 4 - 28, -2*n + 3*x + 1 = 0. Suppose 2*o - n*o = -165. Is o composite?
True
Suppose c - 5*m = -2*m + 248, 4*c - 3*m - 1001 = 0. Is c a composite number?
False
Suppose -5*f - 5*s = -5810, -5*f + 2*s + 5820 = -3*s. Is f a composite number?
False
Is (5/15)/((-4)/(-26124)) a prime number?
False
Let h be -1 + 0 + (-3 - -4). Suppose -2*x - 2*m + 578 = h, x = 2*m - m + 285. Is x composite?
True
Let m be -65 + (2 - -1) + -3. Let o = m + 96. Is o a composite number